{"id":1218,"date":"2025-09-28T08:24:39","date_gmt":"2025-09-28T01:24:39","guid":{"rendered":"https:\/\/dienmay1.pluginaz.com\/index.php\/san-pham\/cu-sac-nhanh-gan-ugreen-100w-2-cong-type-c\/"},"modified":"2025-09-28T08:24:47","modified_gmt":"2025-09-28T01:24:47","slug":"cu-sac-nhanh-gan-ugreen-100w-2-cong-type-c","status":"publish","type":"product","link":"https:\/\/dienmay1.pluginaz.com\/index.php\/san-pham\/cu-sac-nhanh-gan-ugreen-100w-2-cong-type-c\/","title":{"rendered":"C\u1ee7 s\u1ea1c nhanh GaN Ugreen 100W \u2013 2 c\u1ed5ng Type C"},"content":{"rendered":"<div class=\"luanlt_content_tab\">\n<p><strong>C\u1ee7 s\u1ea1c nhanh<\/strong> GaN s\u1ea1c nhanh h\u01a1n 3 l\u1ea7n: S\u1ea1c iPhone 13 l\u00ean 60% trong 30 ph\u00fat. V\u1edbi chip GaN m\u1edbi nh\u1ea5t, s\u1ea1c nhanh h\u01a1n g\u1ea5p 3 l\u1ea7n so v\u1edbi b\u1ed9 s\u1ea1c iPhone ban \u0111\u1ea7u c\u1ee7a b\u1ea1n.<\/p>\n<h2>Ch\u1ee9c n\u0103ng c\u1ee7a c\u1ee7 s\u1ea1c nhanh GaN Ugreen 40795<\/h2>\n<p><em>B\u1ed9 s\u1ea1c \u0111a c\u1ed5ng 2 trong 1:<\/em> 2 c\u1ed5ng USB-C cung c\u1ea5p 100W cho \u0111i\u1ec7n tho\u1ea1i, m\u00e1y t\u00ednh b\u1ea3ng, m\u00e1y t\u00ednh x\u00e1ch tay, v.v.! T\u1ea5t c\u1ea3 c\u00f9ng s\u1eed d\u1ee5ng m\u1ed9t l\u00fac.<\/p>\n<p><em>Ho\u00e0n to\u00e0n an to\u00e0n &amp; \u0111\u00e1ng tin c\u1eady<\/em>: C\u00f3 c\u1ea3m bi\u1ebfn nhi\u1ec7t \u0111\u1ed9 \u0111\u1ed9ng theo d\u00f5i nhi\u1ec7t \u0111\u1ed9 v\u00e0 chip PMW th\u00f4ng minh gi\u00fap \u0111i\u1ec1u ch\u1ec9nh \u0111\u1ea7u ra ngu\u1ed3n \u0111\u1ec3 b\u1ea3o v\u1ec7 thi\u1ebft b\u1ecb c\u1ee7a b\u1ea1n. V\u1ecf \u0111\u01b0\u1ee3c x\u1ebfp h\u1ea1ng UL94-V0 c\u00f9ng v\u1edbi thi\u1ebft k\u1ebf t\u1ea3n nhi\u1ec7t \u0111\u1ea3m b\u1ea3o s\u1ea1c qua \u0111\u00eam an to\u00e0n.<\/p>\n<p><em>Kh\u1ea3 n\u0103ng t\u01b0\u01a1ng th\u00edch r\u1ed9ng:<\/em><strong>C\u1ee7 s\u1ea1c nhanh Ugreen<\/strong> 2 c\u1ed5ng n\u00e0y h\u1ed7 tr\u1ee3 c\u00e1c giao th\u1ee9c s\u1ea1c PD\/QC\/PPS\/AFC\/5V2.4A\/BC1.2.<\/p>\n<p>T\u01b0\u01a1ng th\u00edch v\u1edbi MacBook Pro, MacBook Air, Dell XPS, d\u00f2ng iPhone 14\/13\/12, d\u00f2ng Galaxy S22\/S21, iPad, Steam Deck v\u00e0 h\u01a1n th\u1ebf n\u1eefa!<\/p>\n<p><em>Thi\u1ebft k\u1ebf nh\u1ecf g\u1ecdn, di \u0111\u1ed9ng:<\/em> Chip GaN k\u1ebft h\u1ee3p v\u1edbi thi\u1ebft k\u1ebf ph\u00edch c\u1eafm c\u00f3 th\u1ec3 g\u1eadp l\u1ea1i gi\u00fap b\u1ed9 s\u1ea1c 100W n\u00e0y \u0111\u1ee7 nh\u1ecf \u0111\u1ec3 n\u1eb1m g\u1ecdn trong l\u00f2ng b\u00e0n tay c\u1ee7a b\u1ea1n m\u00e0 kh\u00f4ng \u1ea3nh h\u01b0\u1edfng \u0111\u1ebfn ch\u1ea5t l\u01b0\u1ee3ng ho\u1eb7c c\u00f4ng su\u1ea5t.<\/p>\n<figure class=\"wp-block-image aligncenter size-full\"><img decoding=\"async\" src=\"https:\/\/dienmay1.pluginaz.com\/wp-content\/uploads\/2025\/09\/cu-sac-nhanh-gan-ugreen-100w-2-cong-type-c.jpg\" width=\"970\" height=\"600\" class=\"wp-image-56419\" alt=\"C\u1ee7 s\u1ea1c nhanh GaN Ugreen 100W \u2013 2 c\u1ed5ng Type C 1\" title=\"C\u1ee7 s\u1ea1c nhanh GaN Ugreen 100W - 2 c\u1ed5ng Type C 18\" loading=\"lazy\"><figcaption class=\"wp-element-caption\">S\u1ea1ch nhanh GaN 100W s\u1ea1c si\u00eau nhanh<\/figcaption><\/figure>\n<figure class=\"wp-block-image aligncenter size-full\"><img decoding=\"async\" src=\"https:\/\/dienmay1.pluginaz.com\/wp-content\/uploads\/2025\/09\/cu-sac-nhanh-gan-ugreen-100w-2-cong-type-c.webp\" width=\"970\" height=\"600\" class=\"wp-image-56420\" alt=\"C\u1ee7 s\u1ea1c nhanh GaN Ugreen 100W \u2013 2 c\u1ed5ng Type C 2\" title=\"C\u1ee7 s\u1ea1c nhanh GaN Ugreen 100W - 2 c\u1ed5ng Type C 19\" loading=\"lazy\"><figcaption class=\"wp-element-caption\">C\u00f4ng su\u1ea5t t\u1ed5ng 100w<\/figcaption><\/figure>\n<figure class=\"wp-block-image aligncenter size-full\"><img decoding=\"async\" src=\"https:\/\/dienmay1.pluginaz.com\/wp-content\/uploads\/2025\/09\/cu-sac-nhanh-gan-ugreen-100w-2-cong-type-c-2.webp\" width=\"970\" height=\"300\" class=\"wp-image-56421\" alt=\"C\u1ee7 s\u1ea1c nhanh GaN Ugreen 100W \u2013 2 c\u1ed5ng Type C 3\" title=\"C\u1ee7 s\u1ea1c nhanh GaN Ugreen 100W - 2 c\u1ed5ng Type C 20\" loading=\"lazy\"><figcaption class=\"wp-element-caption\">C\u1ee7 s\u1ea1c nhanh Ugreen nh\u1ecf g\u1ecdn<\/figcaption><\/figure>\n<figure class=\"wp-block-image aligncenter size-full\"><img decoding=\"async\" src=\"https:\/\/dienmay1.pluginaz.com\/wp-content\/uploads\/2025\/09\/cu-sac-nhanh-gan-ugreen-100w-2-cong-type-c-3.webp\" width=\"970\" height=\"600\" class=\"wp-image-56422\" alt=\"C\u1ee7 s\u1ea1c nhanh GaN Ugreen 100W \u2013 2 c\u1ed5ng Type C 4\" title=\"C\u1ee7 s\u1ea1c nhanh GaN Ugreen 100W - 2 c\u1ed5ng Type C 21\" loading=\"lazy\"><figcaption class=\"wp-element-caption\">C\u1ee7a s\u1ea1c GaN Ugreen t\u01b0\u01a1ng th\u00edch r\u1ed9ng<\/figcaption><\/figure>\n<div class=\"wp-block-columns is-layout-flex wp-container-core-columns-is-layout-9d6595d7 wp-block-columns-is-layout-flex\">\n<div class=\"wp-block-column is-layout-flow wp-block-column-is-layout-flow\">\n<figure class=\"wp-block-image size-full\"><img decoding=\"async\" src=\"https:\/\/dienmay1.pluginaz.com\/wp-content\/uploads\/2025\/09\/cu-sac-nhanh-gan-ugreen-100w-2-cong-type-c.png\" width=\"300\" height=\"300\" class=\"wp-image-56423\" alt=\"C\u1ee7 s\u1ea1c nhanh GaN Ugreen 100W \u2013 2 c\u1ed5ng Type C 5\" title=\"C\u1ee7 s\u1ea1c nhanh GaN Ugreen 100W - 2 c\u1ed5ng Type C 22\" loading=\"lazy\"><figcaption>C\u1ee7 s\u1ea1c nhanh GaN Ugreen 100W &#8211; 2 c\u1ed5ng Type C<\/figcaption><\/figure>\n<p>V\u1edbi c\u00f4ng ngh\u1ec7 GaN m\u1edbi, c\u1ee7 s\u1ea1c nhanh USB-C cung c\u1ea5p n\u0103ng l\u01b0\u1ee3ng hi\u1ec7u qu\u1ea3 h\u01a1n, \u0111\u1ed3ng th\u1eddi t\u1ea1o ra \u00edt l\u00e3ng ph\u00ed n\u0103ng l\u01b0\u1ee3ng v\u00e0 nhi\u1ec7t h\u01a1n.<\/p>\n<\/div>\n<div class=\"wp-block-column is-layout-flow wp-block-column-is-layout-flow\">\n<figure class=\"wp-block-image size-full\"><img decoding=\"async\" src=\"https:\/\/dienmay1.pluginaz.com\/wp-content\/uploads\/2025\/09\/cu-sac-nhanh-gan-ugreen-100w-2-cong-type-c-2.png\" width=\"300\" height=\"300\" class=\"wp-image-56424\" alt=\"C\u1ee7 s\u1ea1c nhanh GaN Ugreen 100W \u2013 2 c\u1ed5ng Type C 6\" title=\"C\u1ee7 s\u1ea1c nhanh GaN Ugreen 100W - 2 c\u1ed5ng Type C 23\" loading=\"lazy\"><figcaption>C\u1ee7 s\u1ea1c nhanh GaN Ugreen 100W &#8211; 2 c\u1ed5ng Type C<\/figcaption><\/figure>\n<p>S\u1ea1c hai thi\u1ebft b\u1ecb c\u00f9ng l\u00fac ch\u01b0a bao gi\u1edd nhanh h\u01a1n th\u1ebf! B\u1ed9 s\u1ea1c nhanh 100w c\u1ee7a ch\u00fang t\u00f4i cung c\u1ea5p t\u1ea5t c\u1ea3 n\u0103ng l\u01b0\u1ee3ng b\u1ea1n c\u1ea7n, b\u1ea5t k\u1ec3 b\u1ea1n s\u1ea1c thi\u1ebft b\u1ecb n\u00e0o.<\/p>\n<\/div>\n<div class=\"wp-block-column is-layout-flow wp-block-column-is-layout-flow\">\n<figure class=\"wp-block-image size-full\"><img decoding=\"async\" src=\"https:\/\/dienmay1.pluginaz.com\/wp-content\/uploads\/2025\/09\/cu-sac-nhanh-gan-ugreen-100w-2-cong-type-c-3.png\" width=\"300\" height=\"300\" class=\"wp-image-56425\" alt=\"C\u1ee7 s\u1ea1c nhanh GaN Ugreen 100W \u2013 2 c\u1ed5ng Type C 7\" title=\"C\u1ee7 s\u1ea1c nhanh GaN Ugreen 100W - 2 c\u1ed5ng Type C 24\" loading=\"lazy\"><figcaption>C\u1ee7 s\u1ea1c nhanh GaN Ugreen 100W &#8211; 2 c\u1ed5ng Type C<\/figcaption><\/figure>\n<p>T\u1eadn d\u1ee5ng t\u1ed1i \u0111a th\u1ebf h\u1ec7 s\u1ea1c ti\u1ebfp theo b\u1eb1ng c\u00e1ch s\u1eed d\u1ee5ng C\u00e1p USB-C Lightning Ugreen.<\/p>\n<\/div>\n<\/div>\n<\/div>\n","protected":false},"excerpt":{"rendered":"<p>C\u1ee7 s\u1ea1c nhanh GaN s\u1ea1c nhanh h\u01a1n 3 l\u1ea7n: S\u1ea1c iPhone 13 l\u00ean 60% trong 30 ph\u00fat. V\u1edbi chip GaN m\u1edbi nh\u1ea5t, s\u1ea1c nhanh h\u01a1n g\u1ea5p 3 l\u1ea7n so v\u1edbi b\u1ed9 s\u1ea1c iPhone ban \u0111\u1ea7u c\u1ee7a b\u1ea1n. Ch\u1ee9c n\u0103ng c\u1ee7a c\u1ee7 s\u1ea1c nhanh GaN Ugreen 40795 B\u1ed9 s\u1ea1c \u0111a c\u1ed5ng 2 trong 1: 2 c\u1ed5ng [&#8230;]\n","protected":false},"featured_media":1219,"comment_status":"closed","ping_status":"closed","template":"","meta":{"_acf_changed":false},"product_brand":[25],"product_cat":[17],"product_tag":[],"class_list":{"0":"post-1218","1":"product","2":"type-product","3":"status-publish","4":"has-post-thumbnail","6":"product_brand-ugreen","7":"product_cat-phu-kien-apple","9":"first","10":"instock","11":"sale","12":"shipping-taxable","13":"purchasable","14":"product-type-simple"},"acf":[],"_links":{"self":[{"href":"https:\/\/dienmay1.pluginaz.com\/index.php\/wp-json\/wp\/v2\/product\/1218","targetHints":{"allow":["GET"]}}],"collection":[{"href":"https:\/\/dienmay1.pluginaz.com\/index.php\/wp-json\/wp\/v2\/product"}],"about":[{"href":"https:\/\/dienmay1.pluginaz.com\/index.php\/wp-json\/wp\/v2\/types\/product"}],"replies":[{"embeddable":true,"href":"https:\/\/dienmay1.pluginaz.com\/index.php\/wp-json\/wp\/v2\/comments?post=1218"}],"wp:featuredmedia":[{"embeddable":true,"href":"https:\/\/dienmay1.pluginaz.com\/index.php\/wp-json\/wp\/v2\/media\/1219"}],"wp:attachment":[{"href":"https:\/\/dienmay1.pluginaz.com\/index.php\/wp-json\/wp\/v2\/media?parent=1218"}],"wp:term":[{"taxonomy":"product_brand","embeddable":true,"href":"https:\/\/dienmay1.pluginaz.com\/index.php\/wp-json\/wp\/v2\/product_brand?post=1218"},{"taxonomy":"product_cat","embeddable":true,"href":"https:\/\/dienmay1.pluginaz.com\/index.php\/wp-json\/wp\/v2\/product_cat?post=1218"},{"taxonomy":"product_tag","embeddable":true,"href":"https:\/\/dienmay1.pluginaz.com\/index.php\/wp-json\/wp\/v2\/product_tag?post=1218"}],"curies":[{"name":"wp","href":"https:\/\/api.w.org\/{rel}","templated":true}]}}