{"id":130,"date":"2025-09-27T18:19:04","date_gmt":"2025-09-27T11:19:04","guid":{"rendered":"https:\/\/dienmay1.pluginaz.com\/index.php\/san-pham\/cu-sac-nhanh-ugreen-uno-x688-sac-robot-4-cong-100w-45514b\/"},"modified":"2025-09-27T18:19:22","modified_gmt":"2025-09-27T11:19:22","slug":"cu-sac-nhanh-ugreen-uno-x688-sac-robot-4-cong-100w-45514b","status":"publish","type":"product","link":"https:\/\/dienmay1.pluginaz.com\/index.php\/san-pham\/cu-sac-nhanh-ugreen-uno-x688-sac-robot-4-cong-100w-45514b\/","title":{"rendered":"C\u1ee7 s\u1ea1c nhanh UGREEN Uno X688 \u2013 S\u1ea1c Robot 4 c\u1ed5ng 100W 45514B"},"content":{"rendered":"<div class=\"luanlt_content_tab\">\n<p>Kh\u00e1m ph\u00e1 c\u00f4ng ngh\u1ec7 \u0111\u1ed7i m\u1edbi v\u1edbi <strong>c\u1ee7 s\u1ea1c nhanh<\/strong> UGREEN Uno X688, c\u1ee7 s\u1ea1c Robot 4 c\u1ed5ng 100W \u0111\u1eb7c bi\u1ec7t thi\u1ebft k\u1ebf \u0111\u1ec3 mang l\u1ea1i s\u1ef1 thu\u1eadn ti\u1ec7n t\u1ed1i \u01b0u trong cu\u1ed9c s\u1ed1ng hi\u1ec7n \u0111\u1ea1i. V\u1edbi c\u00f4ng su\u1ea5t 100W, kh\u1ea3 n\u0103ng s\u1ea1c nhanh \u0111a thi\u1ebft b\u1ecb, v\u00e0 thi\u1ebft k\u1ebf robot s\u00e1ng t\u1ea1o, s\u1ea3n ph\u1ea9m ch\u00ednh l\u00e0 l\u1ef1a ch\u1ecdn l\u00fd t\u01b0\u1edfng cho c\u00e1c t\u00edn \u0111\u1ed3 c\u00f4ng ngh\u1ec7.<\/p>\n<figure class=\"wp-block-image aligncenter size-full\"><img decoding=\"async\" src=\"https:\/\/dienmay1.pluginaz.com\/wp-content\/uploads\/2025\/09\/edff2292-d45e-4dca-90d8-2914b5001bc6-__cr001464600_pt0_sx1464_v1___.jpg\" width=\"1464\" height=\"600\" class=\"wp-image-77530\" alt=\"C\u1ee7 s\u1ea1c nhanh UGREEN Uno X688 \u2013 S\u1ea1c Robot 4 c\u1ed5ng 100W 45514B 1\" title=\"C\u1ee7 s\u1ea1c nhanh UGREEN Uno X688 - S\u1ea1c Robot 4 c\u1ed5ng 100W 45514B 16\" loading=\"lazy\"><figcaption class=\"wp-element-caption\">UGREEN Uno X688 C\u1ee7 s\u1ea1c Robot 4 c\u1ed5ng 100W 45514B<\/figcaption><\/figure>\n<h2 class=\"wp-block-heading\">Thi\u1ebft k\u1ebf c\u1ee7 s\u1ea1c nhanh Robot Groovy s\u00e1ng t\u1ea1o<\/h2>\n<p>UGREEN Uno X688 g\u00e2y \u1ea5n t\u01b0\u1ee3ng m\u1ea1nh v\u1edbi thi\u1ebft k\u1ebf robot \u0111\u1ed9c \u0111\u00e1o k\u00e8m m\u00e0n h\u00ecnh TFT hi\u1ec7n th\u1ecb bi\u1ec3u c\u1ea3m s\u1ed1ng \u0111\u1ed9ng d\u1ef1a tr\u00ean t\u00ecnh tr\u1ea1ng s\u1ea1c. C\u00e1c chi ti\u1ebft nam ch\u00e2m \u1edf ch\u00e2n cho ph\u00e9p b\u1ea1n d\u1ec5 d\u00e0ng g\u1eafn s\u1ea3n ph\u1ea9m v\u00e0o laptop, ng\u0103n ch\u1eb7n kh\u1ea3 n\u0103ng m\u1ea5t m\u00e1t trong khi di chuy\u1ec3n.<\/p>\n<figure class=\"wp-block-image size-full\"><img decoding=\"async\" src=\"https:\/\/dienmay1.pluginaz.com\/wp-content\/uploads\/2025\/09\/a_03_e88b4f7f-3968-44e9-ba0b-3788080bcee2.webp\" width=\"1464\" height=\"600\" class=\"wp-image-77533\" alt=\"C\u1ee7 s\u1ea1c nhanh UGREEN Uno X688 \u2013 S\u1ea1c Robot 4 c\u1ed5ng 100W 45514B 2\" title=\"C\u1ee7 s\u1ea1c nhanh UGREEN Uno X688 - S\u1ea1c Robot 4 c\u1ed5ng 100W 45514B 17\" loading=\"lazy\"><figcaption>C\u1ee7 s\u1ea1c nhanh UGREEN Uno X688 &#8211; S\u1ea1c Robot 4 c\u1ed5ng 100W 45514B<\/figcaption><\/figure>\n<h2 class=\"wp-block-heading\">Hi\u1ec7u su\u1ea5t s\u1ea1c nhanh 100W<\/h2>\n<p>V\u1edbi c\u00f4ng ngh\u1ec7 GaN t\u1ed1i t\u00e2n, <strong>c\u1ee7 s\u1ea1c nhanh<\/strong> UGREEN Uno X688 c\u00f3 kh\u1ea3 n\u0103ng s\u1ea1c nhanh ngo\u1ea1i h\u1ea1ng. MacBook Pro 16 inch \u0111\u1ea1t 43% pin ch\u1ec9 trong 30 ph\u00fat qua c\u1ed5ng USB-C, trong khi iPhone 15 Pro c\u00f3 th\u1ec3 \u0111\u1ea1t 60% trong c\u00f9ng th\u1eddi gian. T\u1ed1c \u0111\u1ed9 \u0111\u00e1ng kinh ng\u1ea1c n\u00e0y l\u00e0 l\u1ef1a ch\u1ecdn ho\u00e0n h\u1ea3o cho nh\u1eefng ai lu\u00f4n b\u1eadn r\u1ed9n.<\/p>\n<figure class=\"wp-block-image size-full\"><img decoding=\"async\" src=\"https:\/\/dienmay1.pluginaz.com\/wp-content\/uploads\/2025\/09\/246fda36-6cda-4c8a-99e8-ebd0c87874dc-__cr001464600_pt0_sx1464_v1___.jpg\" width=\"1464\" height=\"600\" class=\"wp-image-77534\" alt=\"C\u1ee7 s\u1ea1c nhanh UGREEN Uno X688 \u2013 S\u1ea1c Robot 4 c\u1ed5ng 100W 45514B 3\" title=\"C\u1ee7 s\u1ea1c nhanh UGREEN Uno X688 - S\u1ea1c Robot 4 c\u1ed5ng 100W 45514B 18\" loading=\"lazy\"><figcaption>C\u1ee7 s\u1ea1c nhanh UGREEN Uno X688 &#8211; S\u1ea1c Robot 4 c\u1ed5ng 100W 45514B<\/figcaption><\/figure>\n<h2 class=\"wp-block-heading\">S\u1ea1c \u0111\u1ed3ng th\u1eddi 4 thi\u1ebft b\u1ecb<\/h2>\n<p><strong>C\u1ee7 s\u1ea1c nhanh<\/strong> UGREEN Uno X688 \u0111\u01b0\u1ee3c trang b\u1ecb 3 c\u1ed5ng USB-C v\u00e0 1 c\u1ed5ng USB-A, cho ph\u00e9p b\u1ea1n s\u1ea1c nhanh \u0111\u1ed3ng th\u1eddi laptop, \u0111i\u1ec7n tho\u1ea1i, tablet v\u00e0 nhi\u1ec1u thi\u1ebft b\u1ecb kh\u00e1c. Kh\u1ea3 n\u0103ng s\u1ea3n sinh t\u1ed5ng c\u00f4ng su\u1ea5t 100W gi\u00fap b\u1ea1n ti\u1ebft ki\u1ec7m th\u1eddi gian hi\u1ec7u qu\u1ea3.<\/p>\n<figure class=\"wp-block-image size-full\"><img decoding=\"async\" src=\"https:\/\/dienmay1.pluginaz.com\/wp-content\/uploads\/2025\/09\/a_05_261ea363-9c4c-4683-87f1-205beca4f5db.webp\" width=\"1464\" height=\"600\" class=\"wp-image-77536\" alt=\"C\u1ee7 s\u1ea1c nhanh UGREEN Uno X688 \u2013 S\u1ea1c Robot 4 c\u1ed5ng 100W 45514B 4\" title=\"C\u1ee7 s\u1ea1c nhanh UGREEN Uno X688 - S\u1ea1c Robot 4 c\u1ed5ng 100W 45514B 19\" loading=\"lazy\"><figcaption>C\u1ee7 s\u1ea1c nhanh UGREEN Uno X688 &#8211; S\u1ea1c Robot 4 c\u1ed5ng 100W 45514B<\/figcaption><\/figure>\n<h2 class=\"wp-block-heading\">8 t\u1ea7ng b\u1ea3o v\u1ec7 an to\u00e0n<\/h2>\n<p>V\u1edbi chip PWM v\u00e0 chip ch\u1ec9nh l\u01b0u \u0111\u1ed3ng b\u1ed9, <strong>c\u1ee7 s\u1ea1c nhanh<\/strong> UGREEN Uno X688 cung c\u1ea5p hi\u1ec7u qu\u1ea3 ho\u1ea1t \u0111\u1ed9ng cao v\u00e0 c\u00e1c t\u00ednh n\u0103ng b\u1ea3o v\u1ec7 v\u01b0\u1ee3t tr\u1ed9i bao g\u1ed3m ch\u1ed1ng qu\u00e1 \u00e1p, qu\u00e1 t\u1ea3i, qu\u00e1 nhi\u1ec7t v\u00e0 ng\u1eaft m\u1ea1ch. T\u00e1n t\u00e0i lo ng\u1ea1i, b\u1ea3o v\u1ec7 thi\u1ebft b\u1ecb c\u1ee7a b\u1ea1n trong m\u1ecdi t\u00ecnh hu\u1ed1ng.<\/p>\n<figure class=\"wp-block-image size-full\"><img decoding=\"async\" src=\"https:\/\/dienmay1.pluginaz.com\/wp-content\/uploads\/2025\/09\/38b58fc8-7906-440e-aa90-ddaf7491f287-__cr001464600_pt0_sx1464_v1___.jpg\" width=\"1464\" height=\"600\" class=\"wp-image-77531\" alt=\"C\u1ee7 s\u1ea1c nhanh UGREEN Uno X688 \u2013 S\u1ea1c Robot 4 c\u1ed5ng 100W 45514B 5\" title=\"C\u1ee7 s\u1ea1c nhanh UGREEN Uno X688 - S\u1ea1c Robot 4 c\u1ed5ng 100W 45514B 20\" loading=\"lazy\"><figcaption>C\u1ee7 s\u1ea1c nhanh UGREEN Uno X688 &#8211; S\u1ea1c Robot 4 c\u1ed5ng 100W 45514B<\/figcaption><\/figure>\n<h2 class=\"wp-block-heading\">Kh\u1ea3 n\u0103ng t\u01b0\u01a1ng th\u00edch r\u1ed9ng<\/h2>\n<p>UGREEN Uno X688 \u0111\u01b0\u1ee3c thi\u1ebft k\u1ebf \u0111\u1ec3 t\u01b0\u01a1ng th\u00edch v\u1edbi m\u1eddi thi\u1ebft b\u1ecb ph\u1ed5 bi\u1ebfn nh\u01b0 iPhone 8 \u0111\u1ebfn 16 Series, Galaxy S10 \u0111\u1ebfn S24 Series, Pixel 6 \u0111\u1ebfn 8, MacBook Air\/Pro, iPad Pro\/Air\/mini, Apple Watch, HomePod, AirPods Pro v\u00e0 nhi\u1ec1u thi\u1ebft b\u1ecb kh\u00e1c. B\u1ea1n ch\u1ec9 c\u1ea7n m\u1ed9t s\u1ea3n ph\u1ea9m \u0111\u1ec3 s\u1ea3n sinh n\u0103ng l\u01b0\u1ee3ng cho t\u1ea5t c\u1ea3.<\/p>\n<figure class=\"wp-block-image size-full\"><img decoding=\"async\" src=\"https:\/\/dienmay1.pluginaz.com\/wp-content\/uploads\/2025\/09\/a_10_b6dd9acf-5a83-47a3-b2c7-e65ebccd1f28.webp\" width=\"1464\" height=\"600\" class=\"wp-image-77532\" alt=\"C\u1ee7 s\u1ea1c nhanh UGREEN Uno X688 \u2013 S\u1ea1c Robot 4 c\u1ed5ng 100W 45514B 6\" title=\"C\u1ee7 s\u1ea1c nhanh UGREEN Uno X688 - S\u1ea1c Robot 4 c\u1ed5ng 100W 45514B 21\" loading=\"lazy\"><figcaption>C\u1ee7 s\u1ea1c nhanh UGREEN Uno X688 &#8211; S\u1ea1c Robot 4 c\u1ed5ng 100W 45514B<\/figcaption><\/figure>\n<h2 class=\"wp-block-heading\">Th\u00f4ng s\u1ed1 k\u1ef9 thu\u1eadt c\u01a1 b\u1ea3n c\u1ee7a c\u1ee7 s\u1ea1c nhanh X688<\/h2>\n<ul class=\"wp-block-list\">\n<li><strong>Ngu\u1ed3n v\u00e0o<\/strong>: 100-240V~ 50\/60Hz 1.8A Max<\/li>\n<li><strong>C\u1ed5ng USB-C1\/USB-C2<\/strong>: 5.0V=3.0A, 9.0V=3.0A, 12.0V=3.0A, 15.0V=3.0A, 20.0V=5.0A (T\u1ed1i \u0111a 100W)<\/li>\n<li><strong>C\u1ed5ng USB-C3<\/strong>: 5.0V=3.0A, 9.0V=3A, 12.0V=2.5A, 15.0V=2.0A, 20.0V=1.5A (T\u1ed1i \u0111a 30W)<\/li>\n<li><strong>C\u1ed5ng USB-A<\/strong>: 5.0V=3A, 9.0V=2.0A, 12.0V=1.5A, 10.0V=2.25A (T\u1ed1i \u0111a 22.5W)<\/li>\n<li><strong>T\u1ed5ng c\u00f4ng su\u1ea5t<\/strong>: 100W Max<\/li>\n<li><strong>T\u01b0\u01a1ng th\u00edch<\/strong>: PD3.0, QC4+, QC3.0, PPS, AFC, Apple 5V2.4A, BC1.2<\/li>\n<\/ul>\n<h2 class=\"wp-block-heading\">\u0110\u00f3ng g\u00f3i s\u1ea3n ph\u1ea9m<\/h2>\n<p>S\u1ea3n ph\u1ea9m \u0111\u01b0\u1ee3c \u0111\u00f3ng g\u00f3i g\u1ecdn g\u00e0ng bao g\u1ed3m:<\/p>\n<ul class=\"wp-block-list\">\n<li>1 c\u1ee7 s\u1ea1c UGREEN Uno X688<\/li>\n<li>H\u01b0\u1edbng d\u1eabn s\u1eed d\u1ee5ng<\/li>\n<li>Th\u1ebb b\u1ea3o h\u00e0nh ch\u00ednh h\u00e3ng<\/li>\n<li>\u00a0<\/li>\n<\/ul>\n<p>UGREEN Uno X688 kh\u00f4ng ch\u1ec9 \u0111\u01a1n thu\u1ea7n l\u00e0 m\u1ed9t c\u1ee7 s\u1ea1c m\u00e0 c\u00f2n l\u00e0 ng\u01b0\u1eddi b\u1ea1n \u0111\u1ed3ng h\u00e0nh l\u00fd t\u01b0\u1edfng v\u1edbi hi\u1ec7u su\u1ea5t, s\u00e1ng t\u1ea1o v\u00e0 \u0111\u1ed9 tin c\u1eady. \u0110\u1eebng b\u1ecf l\u1ef1a ch\u1ecdn n\u00e0y n\u1ebfu b\u1ea1n mu\u1ed1n n\u00e2ng t\u1ea7m c\u00f4ng ngh\u1ec7 v\u00e0 t\u1ed1i \u01b0u h\u00f3a th\u1eddi gian trong cu\u1ed9c s\u1ed1ng.<\/p>\n<\/div>\n","protected":false},"excerpt":{"rendered":"<p>Kh\u00e1m ph\u00e1 c\u00f4ng ngh\u1ec7 \u0111\u1ed7i m\u1edbi v\u1edbi c\u1ee7 s\u1ea1c nhanh UGREEN Uno X688, c\u1ee7 s\u1ea1c Robot 4 c\u1ed5ng 100W \u0111\u1eb7c bi\u1ec7t thi\u1ebft k\u1ebf \u0111\u1ec3 mang l\u1ea1i s\u1ef1 thu\u1eadn ti\u1ec7n t\u1ed1i \u01b0u trong cu\u1ed9c s\u1ed1ng hi\u1ec7n \u0111\u1ea1i. V\u1edbi c\u00f4ng su\u1ea5t 100W, kh\u1ea3 n\u0103ng s\u1ea1c nhanh \u0111a thi\u1ebft b\u1ecb, v\u00e0 thi\u1ebft k\u1ebf robot s\u00e1ng t\u1ea1o, s\u1ea3n ph\u1ea9m [&#8230;]\n","protected":false},"featured_media":131,"comment_status":"closed","ping_status":"closed","template":"","meta":{"_acf_changed":false},"product_brand":[],"product_cat":[16],"product_tag":[],"class_list":{"0":"post-130","1":"product","2":"type-product","3":"status-publish","4":"has-post-thumbnail","6":"product_cat-phu-kien-dien-thoai","8":"first","9":"instock","10":"sale","11":"shipping-taxable","12":"purchasable","13":"product-type-simple"},"acf":[],"_links":{"self":[{"href":"https:\/\/dienmay1.pluginaz.com\/index.php\/wp-json\/wp\/v2\/product\/130","targetHints":{"allow":["GET"]}}],"collection":[{"href":"https:\/\/dienmay1.pluginaz.com\/index.php\/wp-json\/wp\/v2\/product"}],"about":[{"href":"https:\/\/dienmay1.pluginaz.com\/index.php\/wp-json\/wp\/v2\/types\/product"}],"replies":[{"embeddable":true,"href":"https:\/\/dienmay1.pluginaz.com\/index.php\/wp-json\/wp\/v2\/comments?post=130"}],"wp:featuredmedia":[{"embeddable":true,"href":"https:\/\/dienmay1.pluginaz.com\/index.php\/wp-json\/wp\/v2\/media\/131"}],"wp:attachment":[{"href":"https:\/\/dienmay1.pluginaz.com\/index.php\/wp-json\/wp\/v2\/media?parent=130"}],"wp:term":[{"taxonomy":"product_brand","embeddable":true,"href":"https:\/\/dienmay1.pluginaz.com\/index.php\/wp-json\/wp\/v2\/product_brand?post=130"},{"taxonomy":"product_cat","embeddable":true,"href":"https:\/\/dienmay1.pluginaz.com\/index.php\/wp-json\/wp\/v2\/product_cat?post=130"},{"taxonomy":"product_tag","embeddable":true,"href":"https:\/\/dienmay1.pluginaz.com\/index.php\/wp-json\/wp\/v2\/product_tag?post=130"}],"curies":[{"name":"wp","href":"https:\/\/api.w.org\/{rel}","templated":true}]}}