{"id":397,"date":"2025-09-27T18:54:06","date_gmt":"2025-09-27T11:54:06","guid":{"rendered":"https:\/\/dienmay1.pluginaz.com\/index.php\/san-pham\/dau-chuyen-doi-otg-type-c-sang-usb-3-0-ugreen-us270\/"},"modified":"2025-09-27T18:55:30","modified_gmt":"2025-09-27T11:55:30","slug":"dau-chuyen-doi-otg-type-c-sang-usb-3-0-ugreen-us270","status":"publish","type":"product","link":"https:\/\/dienmay1.pluginaz.com\/index.php\/san-pham\/dau-chuyen-doi-otg-type-c-sang-usb-3-0-ugreen-us270\/","title":{"rendered":"\u0110\u1ea7u chuy\u1ec3n \u0111\u1ed5i OTG Type C sang USB 3.0 UGREEN US270"},"content":{"rendered":"<div class=\"luanlt_content_tab\">\n<p>\u0110\u1ea7u chuy\u1ec3n \u0111\u1ed5i OTG Type C sang USB 3.0 UGREEN US270 l\u00e0 m\u1ed9t adapter chuy\u1ec3n \u0111\u1ed5i c\u1ed5ng USB Type C sang USB 3.0 v\u1edbi t\u1ed1c \u0111\u1ed9 cao l\u00ean t\u1edbi 5Gbps, h\u1ed7 tr\u1ee3 OTG. Thi\u1ebft b\u1ecb n\u00e0y cho ph\u00e9p ng\u01b0\u1eddi d\u00f9ng k\u1ebft n\u1ed1i c\u00e1c thi\u1ebft b\u1ecb ngo\u1ea1i vi s\u1eed d\u1ee5ng c\u1ed5ng USB 3.0, nh\u01b0 \u1ed5 \u0111\u0129a flash, b\u00e0n ph\u00edm, chu\u1ed9t v\u00e0 c\u00e1c thi\u1ebft b\u1ecb kh\u00e1c, v\u1edbi c\u00e1c thi\u1ebft b\u1ecb c\u00f3 c\u1ed5ng USB-C nh\u01b0 \u0111i\u1ec7n tho\u1ea1i th\u00f4ng minh, m\u00e1y t\u00ednh b\u1ea3ng, v\u00e0 laptop.<\/p>\n<h3 class=\"wp-block-heading\">K\u1ebft n\u1ed1i, Truy\u1ec1n d\u1eef li\u1ec7u, v\u00e0 Tr\u1ea3i nghi\u1ec7m S\u1ee9c m\u1ea1nh c\u1ee7a OTG<\/h3>\n<p>B\u1ea1n c\u00f3 m\u1ec7t m\u1ecfi v\u1edbi c\u00e1c t\u00f9y ch\u1ecdn k\u1ebft n\u1ed1i h\u1ea1n ch\u1ebf tr\u00ean thi\u1ebft b\u1ecb USB-C c\u1ee7a m\u00ecnh? \u0110\u1eebng t\u00ecm \u0111\u00e2u xa! UGREEN US270 OTG Type C to USB 3.0 Adapter \u1edf \u0111\u00e2y \u0111\u1ec3 m\u1edf kh\u00f3a ti\u1ec1m n\u0103ng th\u1ef1c s\u1ef1 c\u1ee7a thi\u1ebft b\u1ecb USB-C c\u1ee7a b\u1ea1n. V\u1edbi s\u1ee9c m\u1ea1nh c\u1ee7a ch\u1ee9c n\u0103ng OTG (On-The-Go), b\u1ed9 chuy\u1ec3n \u0111\u1ed5i n\u00e0y cho ph\u00e9p b\u1ea1n k\u1ebft n\u1ed1i c\u00e1c thi\u1ebft b\u1ecb di \u0111\u1ed9ng USB-C c\u1ee7a m\u00ecnh v\u1edbi nhi\u1ec1u thi\u1ebft b\u1ecb ngo\u1ea1i vi USB, m\u1edf ra m\u1ed9t th\u1ebf gi\u1edbi ho\u00e0n to\u00e0n m\u1edbi c\u1ee7a c\u00e1c kh\u1ea3 n\u0103ng.<\/p>\n<h3 class=\"wp-block-heading\">K\u1ebft n\u1ed1i USB 3.0 thi\u1ebft y\u1ebfu c\u1ee7a b\u1ea1n<\/h3>\n<p>Tr\u1ea3i nghi\u1ec7m t\u1ed1c \u0111\u1ed9 truy\u1ec1n d\u1eef li\u1ec7u nhanh nh\u01b0 ch\u1edbp v\u1edbi UGREEN US270. B\u1ed9 chuy\u1ec3n \u0111\u1ed5i t\u1eeb USB-C sang USB 3.0 n\u00e0y cho ph\u00e9p b\u1ea1n k\u1ebft n\u1ed1i d\u1ec5 d\u00e0ng c\u00e1c thi\u1ebft b\u1ecb USB 3.0 v\u1edbi \u0111i\u1ec7n tho\u1ea1i th\u00f4ng minh, m\u00e1y t\u00ednh b\u1ea3ng v\u00e0 m\u00e1y t\u00ednh x\u00e1ch tay USB-C c\u1ee7a b\u1ea1n, \u0111\u1ea3m b\u1ea3o truy\u1ec1n d\u1eef li\u1ec7u nhanh ch\u00f3ng v\u00e0 hi\u1ec7u qu\u1ea3. H\u00e3y n\u00f3i l\u1eddi t\u1ea1m bi\u1ec7t v\u1edbi vi\u1ec7c ch\u1edd \u0111\u1ee3i v\u00e0 ch\u00e0o \u0111\u00f3n s\u1ef1 k\u1ebft n\u1ed1i li\u1ec1n m\u1ea1ch.<\/p>\n<h3 class=\"wp-block-heading\">Thi\u1ebft k\u1ebf \u0111\u1ec3 b\u1ed5 sung cho thi\u1ebft b\u1ecb USB-C c\u1ee7a b\u1ea1n<\/h3>\n<p>\u0110\u01b0\u1ee3c ch\u1ebf t\u1ea1o v\u1edbi \u0111\u1ed9 ch\u00ednh x\u00e1c v\u00e0 phong c\u00e1ch, UGREEN US270 c\u00f3 v\u1ecf nh\u00f4m b\u00f3ng b\u1ea9y v\u00e0 b\u1ec1n b\u1ec9, cung c\u1ea5p c\u1ea3 t\u00ednh n\u0103ng v\u00e0 th\u1ea9m m\u1ef9. V\u1edbi thi\u1ebft k\u1ebf nh\u1ecf g\u1ecdn v\u00e0 di \u0111\u1ed9ng, b\u1ed9 chuy\u1ec3n \u0111\u1ed5i n\u00e0y tr\u1edf th\u00e0nh ng\u01b0\u1eddi b\u1ea1n \u0111\u1ed3ng h\u00e0nh ho\u00e0n h\u1ea3o trong nh\u1eefng chuy\u1ebfn \u0111i c\u1ee7a b\u1ea1n, cho ph\u00e9p b\u1ea1n t\u1eadn h\u01b0\u1edfng k\u1ebft n\u1ed1i li\u1ec1n m\u1ea1ch \u1edf b\u1ea5t c\u1ee9 \u0111\u00e2u. \u0110\u1eebng hy sinh phong c\u00e1ch v\u00ec ch\u1ee9c n\u0103ng \u2013 h\u00e3y ch\u1ecdn UGREEN US270.<\/p>\n<p>H\u1ed7 tr\u1ee3 OTG, t\u01b0\u01a1ng th\u00edch v\u1edbi Chromebook Macbook Huawei P9 \/P10\/P20\/Mate 9\/Mate 10 Samsung S8 Xiaomi 4C Nexus 5X 6P LG G5\u2026<\/p>\n<\/div>\n","protected":false},"excerpt":{"rendered":"<ul>\n<li>\u0110\u1ea7u chuy\u1ec3n \u0111\u1ed5i USB type C sang USB 3.0<\/li>\n<li>OTG cho ph\u00e9p b\u1ea1n k\u1ebft n\u1ed1i thi\u1ebft b\u1ecb di \u0111\u1ed9ng USB type-C v\u1edbi ch\u1ee9c n\u0103ng OTG (ngo\u1ea1i tuy\u1ebfn)<\/li>\n<li>Gi\u00fap th\u00eam c\u1ed5ng USB ti\u00eau chu\u1ea9n d\u00e0nh cho m\u00e1y t\u00ednh x\u00e1ch tay c\u00f3 c\u1ed5ng USB type-C<\/li>\n<li>T\u01b0\u01a1ng th\u00edch v\u1edbi Chromebook Macbook Huawei P9 \/P10\/P20\/Mate 9\/Mate 10 Samsung S8 Xiaomi 4C Nexus 5X 6P LG G5\u2026<\/li>\n<li>C\u1eafm l\u00e0 ch\u1ea1y kh\u00f4ng c\u1ea7n c\u00e0i \u0111\u1eb7t<\/li>\n<\/ul>\n","protected":false},"featured_media":398,"comment_status":"closed","ping_status":"closed","template":"","meta":{"_acf_changed":false},"product_brand":[25],"product_cat":[20],"product_tag":[],"class_list":{"0":"post-397","1":"product","2":"type-product","3":"status-publish","4":"has-post-thumbnail","6":"product_brand-ugreen","7":"product_cat-cap-data-du-lieu","9":"first","10":"instock","11":"sale","12":"shipping-taxable","13":"purchasable","14":"product-type-simple"},"acf":[],"_links":{"self":[{"href":"https:\/\/dienmay1.pluginaz.com\/index.php\/wp-json\/wp\/v2\/product\/397","targetHints":{"allow":["GET"]}}],"collection":[{"href":"https:\/\/dienmay1.pluginaz.com\/index.php\/wp-json\/wp\/v2\/product"}],"about":[{"href":"https:\/\/dienmay1.pluginaz.com\/index.php\/wp-json\/wp\/v2\/types\/product"}],"replies":[{"embeddable":true,"href":"https:\/\/dienmay1.pluginaz.com\/index.php\/wp-json\/wp\/v2\/comments?post=397"}],"wp:featuredmedia":[{"embeddable":true,"href":"https:\/\/dienmay1.pluginaz.com\/index.php\/wp-json\/wp\/v2\/media\/398"}],"wp:attachment":[{"href":"https:\/\/dienmay1.pluginaz.com\/index.php\/wp-json\/wp\/v2\/media?parent=397"}],"wp:term":[{"taxonomy":"product_brand","embeddable":true,"href":"https:\/\/dienmay1.pluginaz.com\/index.php\/wp-json\/wp\/v2\/product_brand?post=397"},{"taxonomy":"product_cat","embeddable":true,"href":"https:\/\/dienmay1.pluginaz.com\/index.php\/wp-json\/wp\/v2\/product_cat?post=397"},{"taxonomy":"product_tag","embeddable":true,"href":"https:\/\/dienmay1.pluginaz.com\/index.php\/wp-json\/wp\/v2\/product_tag?post=397"}],"curies":[{"name":"wp","href":"https:\/\/api.w.org\/{rel}","templated":true}]}}