{"id":690,"date":"2025-09-27T21:51:03","date_gmt":"2025-09-27T14:51:03","guid":{"rendered":"https:\/\/dienmay1.pluginaz.com\/index.php\/san-pham\/dau-chuyen-type-c-sang-micro-usb-ugreen-us282-vo-nhiet-tan-nhiet-tot-kem-moc-khoa\/"},"modified":"2025-09-27T21:51:15","modified_gmt":"2025-09-27T14:51:15","slug":"dau-chuyen-type-c-sang-micro-usb-ugreen-us282-vo-nhiet-tan-nhiet-tot-kem-moc-khoa","status":"publish","type":"product","link":"https:\/\/dienmay1.pluginaz.com\/index.php\/san-pham\/dau-chuyen-type-c-sang-micro-usb-ugreen-us282-vo-nhiet-tan-nhiet-tot-kem-moc-khoa\/","title":{"rendered":"\u0110\u1ea7u chuy\u1ec3n Type C sang Micro USB UGREEN US282 V\u1ecf nhi\u1ec7t t\u1ea3n nhi\u1ec7t t\u1ed1t, k\u00e8m m\u00f3c kh\u00f3a"},"content":{"rendered":"","protected":false},"excerpt":{"rendered":"<ul>\n<li>\u0110\u1ea7u v\u00e0o: USB Type C C\u00e1i<\/li>\n<li>\u0110\u1ea7u ra: Micro USB \u0110\u1ef1c<\/li>\n<li>Chi\u1ec1u d\u00e0i: kho\u1ea3ng 2,5cm<\/li>\n<li>C\u00f3 m\u00f3c kh\u00f3a ti\u1ec7n d\u1ee5ng<\/li>\n<li>V\u1ecf nh\u00f4m cao c\u1ea5p<\/li>\n<li>T\u01b0\u01a1ng th\u00edch ho\u00e0n to\u00e0n v\u1edbi thi\u1ebft b\u1ecb type-c mu\u1ed1n chuy\u1ec3n sang thi\u1ebft b\u1ecb c\u1ed5ng Micro USB<\/li>\n<\/ul>\n","protected":false},"featured_media":691,"comment_status":"closed","ping_status":"closed","template":"","meta":{"_acf_changed":false},"product_brand":[25],"product_cat":[20],"product_tag":[],"class_list":{"0":"post-690","1":"product","2":"type-product","3":"status-publish","4":"has-post-thumbnail","6":"product_brand-ugreen","7":"product_cat-cap-data-du-lieu","9":"first","10":"instock","11":"sale","12":"shipping-taxable","13":"purchasable","14":"product-type-simple"},"acf":[],"_links":{"self":[{"href":"https:\/\/dienmay1.pluginaz.com\/index.php\/wp-json\/wp\/v2\/product\/690","targetHints":{"allow":["GET"]}}],"collection":[{"href":"https:\/\/dienmay1.pluginaz.com\/index.php\/wp-json\/wp\/v2\/product"}],"about":[{"href":"https:\/\/dienmay1.pluginaz.com\/index.php\/wp-json\/wp\/v2\/types\/product"}],"replies":[{"embeddable":true,"href":"https:\/\/dienmay1.pluginaz.com\/index.php\/wp-json\/wp\/v2\/comments?post=690"}],"wp:featuredmedia":[{"embeddable":true,"href":"https:\/\/dienmay1.pluginaz.com\/index.php\/wp-json\/wp\/v2\/media\/691"}],"wp:attachment":[{"href":"https:\/\/dienmay1.pluginaz.com\/index.php\/wp-json\/wp\/v2\/media?parent=690"}],"wp:term":[{"taxonomy":"product_brand","embeddable":true,"href":"https:\/\/dienmay1.pluginaz.com\/index.php\/wp-json\/wp\/v2\/product_brand?post=690"},{"taxonomy":"product_cat","embeddable":true,"href":"https:\/\/dienmay1.pluginaz.com\/index.php\/wp-json\/wp\/v2\/product_cat?post=690"},{"taxonomy":"product_tag","embeddable":true,"href":"https:\/\/dienmay1.pluginaz.com\/index.php\/wp-json\/wp\/v2\/product_tag?post=690"}],"curies":[{"name":"wp","href":"https:\/\/api.w.org\/{rel}","templated":true}]}}