{"id":754,"date":"2025-09-27T21:58:27","date_gmt":"2025-09-27T14:58:27","guid":{"rendered":"https:\/\/dienmay1.pluginaz.com\/index.php\/san-pham\/cu-sac-nhanh-type-c-65w-nexode-pro-ugreen-x755\/"},"modified":"2025-09-27T21:58:49","modified_gmt":"2025-09-27T14:58:49","slug":"cu-sac-nhanh-type-c-65w-nexode-pro-ugreen-x755","status":"publish","type":"product","link":"https:\/\/dienmay1.pluginaz.com\/index.php\/san-pham\/cu-sac-nhanh-type-c-65w-nexode-pro-ugreen-x755\/","title":{"rendered":"C\u1ee7 s\u1ea1c nhanh Type C 65W Nexode Pro UGREEN X755"},"content":{"rendered":"<div class=\"luanlt_content_tab\">\n<p><strong>C\u1ee7 s\u1ea1c nhanh<\/strong> Type C 65W UGREEN Nexode Pro X755 l\u00e0 m\u1ed9t b\u1ed9 s\u1ea1c th\u00f4ng minh v\u00e0 ti\u00ean ti\u1ebfn trong d\u00f2ng Nexode Pro c\u1ee7a UGREEN. V\u1edbi 2 c\u1ed5ng USB Type C v\u00e0 1 c\u1ed5ng USB A, n\u00f3 cho ph\u00e9p s\u1ea1c nhanh \u0111\u1ebfn 3 thi\u1ebft b\u1ecb c\u00f9ng m\u1ed9t l\u00fac. C\u00f3 c\u00f4ng su\u1ea5t t\u1ed1i \u0111a l\u00ean \u0111\u1ebfn 65W.<\/p>\n<p>Ugreen X755 \u0111\u01b0\u1ee3c trang b\u1ecb vi chip GaNInfinity m\u1edbi, gi\u00fap s\u1ea1c nhanh v\u00e0 m\u1ea1nh m\u1ebd h\u01a1n, \u0111\u1ed3ng th\u1eddi b\u1ea3o v\u1ec7 to\u00e0n di\u1ec7n thi\u1ebft b\u1ecb v\u1edbi c\u00e1c t\u00ednh n\u0103ng an to\u00e0n th\u00f4ng minh. Thi\u1ebft k\u1ebf nh\u1ecf g\u1ecdn v\u00e0 nh\u1eb9, ph\u00f9 h\u1ee3p v\u1edbi nhi\u1ec1u nhu c\u1ea7u s\u1eed d\u1ee5ng di \u0111\u1ed9ng.<\/p>\n<figure class=\"wp-block-image size-full\"><img decoding=\"async\" src=\"https:\/\/dienmay1.pluginaz.com\/wp-content\/uploads\/2025\/09\/cu-sac-type-c-65w-ugreen-nexode-pro-x755-18.jpg\" width=\"1464\" height=\"600\" class=\"wp-image-66916\" alt=\"C\u1ee7 s\u1ea1c nhanh Type C 65W Nexode Pro UGREEN X755 1\" title=\"C\u1ee7 s\u1ea1c nhanh Type C 65W Nexode Pro UGREEN X755 16\" loading=\"lazy\"><figcaption>C\u1ee7 s\u1ea1c nhanh Type C 65W Nexode Pro UGREEN X755<\/figcaption><\/figure>\n<h2 class=\"wp-block-heading\">C\u1ee7 s\u1ea1c nhanh UGREEN Nexode Pro thay \u0111\u1ed5i c\u00f4ng ngh\u1ec7 s\u1ea1c<\/h2>\n<p><strong>C\u1ee7 s\u1ea1c nhanh<\/strong> Nexode Pro l\u00e0 th\u1ebf h\u1ec7 s\u1ea1c m\u1edbi nh\u1ea5t c\u1ee7a Ugreen, n\u00f3 \u0111ang mang t\u1edbi cu\u1ed9c c\u00e1ch m\u1ea1ng trong c\u00f4ng ngh\u1ec7 s\u1ea1c thi\u1ebft b\u1ecb v\u1edbi k\u00edch th\u01b0\u1edbc nh\u1ecf nh\u01b0ng hi\u1ec7u su\u1ea5t c\u1ef1c cao, c\u00f4ng su\u1ea5t l\u1edbn v\u00e0 \u0111\u1ed9 an to\u00e0n cao.<\/p>\n<p>C\u1ee7 s\u1ea1c Type C 65W UGREEN <strong>Nexode Pro X755<\/strong> l\u00e0 s\u1ea3n ph\u1ea9m s\u1ea1c 65W m\u1edbi nh\u1ea5t c\u1ee7a Ugreen, V\u1edbi c\u00f4ng ngh\u1ec7 ti\u00ean ti\u1ebfn v\u00e0 c\u00e1c t\u00ednh n\u0103ng chuy\u00ean nghi\u1ec7p, s\u1ea1c n\u00e0y mang \u0111\u1ebfn tr\u1ea3i nghi\u1ec7m s\u1ea1c kh\u00f4ng gi\u1ed1ng ai.<\/p>\n<figure class=\"wp-block-image size-full\"><img decoding=\"async\" src=\"https:\/\/dienmay1.pluginaz.com\/wp-content\/uploads\/2025\/09\/cu-sac-type-c-65w-ugreen-nexode-pro-x755-7.jpg\" width=\"1464\" height=\"600\" class=\"wp-image-66939\" alt=\"C\u1ee7 s\u1ea1c nhanh Type C 65W Nexode Pro UGREEN X755 2\" title=\"C\u1ee7 s\u1ea1c nhanh Type C 65W Nexode Pro UGREEN X755 17\" loading=\"lazy\"><figcaption>C\u1ee7 s\u1ea1c nhanh Type C 65W Nexode Pro UGREEN X755<\/figcaption><\/figure>\n<h2 class=\"wp-block-heading\">S\u1ea1c Th\u00f4ng Minh t\u1ef1 ph\u00e2n ph\u1ed1i ngu\u1ed3n cho 3 thi\u1ebft b\u1ecb \u0111\u1ed3ng th\u1eddi<\/h2>\n<p>V\u1edbi 2 c\u1ed5ng USB type C v\u00e0 1 c\u1ed5ng USB A, S\u1ea1c Nexode Pro UGREEN X755 cho ph\u00e9p b\u1ea1n s\u1ea1c nhanh \u0111\u1ebfn 3 thi\u1ebft b\u1ecb c\u00f9ng m\u1ed9t l\u00fac, nh\u1edd h\u1ec7 th\u1ed1ng ph\u00e2n ph\u1ed1i d\u00f2ng \u0111i\u1ec7n th\u00f4ng minh c\u1ee7a n\u00f3.<\/p>\n<p>S\u1ea1c c\u1ed5ng Type C n\u00e0y cung c\u1ea5p t\u1ed5ng c\u00f4ng su\u1ea5t l\u00ean \u0111\u1ebfn 65W, \u0111\u1ea3m b\u1ea3o s\u1ea1c hi\u1ec7u qu\u1ea3 v\u00e0 hi\u1ec7u qu\u1ea3 cho t\u1ea5t c\u1ea3 c\u00e1c thi\u1ebft b\u1ecb c\u1ee7a b\u1ea1n.<\/p>\n<figure class=\"wp-block-image size-full\"><img decoding=\"async\" src=\"https:\/\/dienmay1.pluginaz.com\/wp-content\/uploads\/2025\/09\/cu-sac-type-c-65w-ugreen-nexode-pro-x755-15.jpg\" width=\"1464\" height=\"600\" class=\"wp-image-66919\" alt=\"C\u1ee7 s\u1ea1c nhanh Type C 65W Nexode Pro UGREEN X755 3\" title=\"C\u1ee7 s\u1ea1c nhanh Type C 65W Nexode Pro UGREEN X755 18\" loading=\"lazy\"><figcaption>C\u1ee7 s\u1ea1c nhanh Type C 65W Nexode Pro UGREEN X755<\/figcaption><\/figure>\n<h2 class=\"wp-block-heading\">C\u1ee7 s\u1ea1c nhanh 65W gi\u00fap s\u1ea1c \u0111\u1ea7y thi\u1ebft b\u1ecb ch\u1ec9 trong nh\u00e1y m\u1eaft<\/h2>\n<p>Khi b\u1ea1n ch\u1ec9 s\u1eed d\u1ee5ng m\u1ed9t c\u1ed5ng Type C th\u1ee9 nh\u1ea5t c\u1ee7a <strong>c\u1ee7 s\u1ea1c nhanh Ugreen<\/strong> Nexode Pro 65W cung c\u1ea5p c\u00f4ng su\u1ea5t \u0111\u1ea7y \u0111\u1ee7 65W. N\u00f3i l\u1eddi t\u1ea1m bi\u1ec7t v\u1edbi th\u1eddi gian s\u1ea1c d\u00e0i v\u00e0 tr\u1ea3i nghi\u1ec7m ti\u1ec7n l\u1ee3i c\u1ee7a s\u1ea1c nhanh.<\/p>\n<p>Ch\u1ec9 trong 30 ph\u00fat, b\u1ea1n c\u00f3 th\u1ec3 s\u1ea1c MacBook Air M2 t\u1eeb 0% l\u00ean \u0111\u1ebfn 51%, cho ph\u00e9p b\u1ea1n quay l\u1ea1i c\u00f4ng vi\u1ec7c ho\u1eb7c gi\u1ea3i tr\u00ed m\u00e0 kh\u00f4ng m\u1ea5t th\u1eddi gian.<\/p>\n<figure class=\"wp-block-image size-full\"><img decoding=\"async\" src=\"https:\/\/dienmay1.pluginaz.com\/wp-content\/uploads\/2025\/09\/cu-sac-type-c-65w-ugreen-nexode-pro-x755-17.jpg\" width=\"1464\" height=\"600\" class=\"wp-image-66917\" alt=\"C\u1ee7 s\u1ea1c nhanh Type C 65W Nexode Pro UGREEN X755 4\" title=\"C\u1ee7 s\u1ea1c nhanh Type C 65W Nexode Pro UGREEN X755 19\" loading=\"lazy\"><figcaption>C\u1ee7 s\u1ea1c nhanh Type C 65W Nexode Pro UGREEN X755<\/figcaption><\/figure>\n<h2 class=\"wp-block-heading\">S\u1ea1c t\u00edch h\u1ee3p chip GaNInfinity m\u1edbi nh\u1ea5t<\/h2>\n<p>\u0110\u01b0\u1ee3c trang b\u1ecb vi chip GaNInfinity th\u1ebf h\u1ec7 m\u1edbi, <strong>c\u1ee7 s\u1ea1c nhanh ch\u00ednh h\u00e3ng<\/strong> 65W UGREEN Nexode Pro X755 l\u00e0 c\u1ee7 s\u1ea1c Type C mang \u0111\u1ebfn tr\u1ea3i nghi\u1ec7m s\u1ea1c nhanh v\u00e0 m\u1ea1nh m\u1ebd h\u01a1n. C\u00f4ng ngh\u1ec7 GaN ti\u00ean ti\u1ebfn n\u00e0y \u0111\u1ea3m b\u1ea3o hi\u1ec7u su\u1ea5t n\u0103ng l\u01b0\u1ee3ng v\u00e0 \u00edt t\u1ea1o nhi\u1ec7t h\u01a1n, t\u1ea5t c\u1ea3 \u0111\u01b0\u1ee3c g\u00f3i g\u1ecdn trong thi\u1ebft k\u1ebf nh\u1ecf g\u1ecdn v\u00e0 nh\u1eb9 nh\u00e0ng. T\u1eadn h\u01b0\u1edfng s\u1ef1 c\u00e2n b\u1eb1ng ho\u00e0n h\u1ea3o gi\u1eefa n\u0103ng l\u01b0\u1ee3ng v\u00e0 kh\u1ea3 n\u0103ng di \u0111\u1ed9ng.<\/p>\n<figure class=\"wp-block-image size-full\"><img decoding=\"async\" src=\"https:\/\/dienmay1.pluginaz.com\/wp-content\/uploads\/2025\/09\/cu-sac-type-c-65w-ugreen-nexode-pro-x755-16.jpg\" width=\"1464\" height=\"600\" class=\"wp-image-66918\" alt=\"S\u1ea1c t\u00edch h\u1ee3p chip GaNInfinity m\u1edbi nh\u1ea5t\" title=\"C\u1ee7 s\u1ea1c nhanh Type C 65W Nexode Pro UGREEN X755 20\" loading=\"lazy\"><figcaption class=\"wp-element-caption\">S\u1ea1c t\u00edch h\u1ee3p chip GaNInfinity m\u1edbi nh\u1ea5t<\/figcaption><\/figure>\n<h2 class=\"wp-block-heading\">B\u1ea3o v\u1ec7 to\u00e0n di\u1ec7n thi\u1ebft b\u1ecb ng\u1edd ch\u00f4ng ngh\u1ec7 hi\u1ec7n \u0111\u1ea1i<\/h2>\n<p>Thi\u1ebft b\u1ecb c\u1ee7a b\u1ea1n \u0111\u01b0\u1ee3c b\u1ea3o v\u1ec7 an to\u00e0n trong tay c\u1ee7a <strong>c\u1ee7 s\u1ea1c Type C<\/strong> UGREEN Nexode Pro 65W . \u0110\u01b0\u1ee3c trang b\u1ecb c\u00e1c chip th\u00f4ng minh, s\u1ea1c n\u00e0y cung c\u1ea5p b\u1ea3o v\u1ec7 to\u00e0n di\u1ec7n ch\u1ed1ng l\u1ea1i r\u00f2 r\u1ec9 \u0111i\u1ec7n, qu\u00e1 \u00e1p, qu\u00e1 nhi\u1ec7t v\u00e0 qu\u00e1 d\u00f2ng. H\u00e3y y\u00ean t\u00e2m bi\u1ebft r\u1eb1ng c\u1ea3 b\u1ea1n v\u00e0 thi\u1ebft b\u1ecb c\u1ee7a b\u1ea1n \u0111\u1ec1u \u0111\u01b0\u1ee3c b\u1ea3o v\u1ec7 trong qu\u00e1 tr\u00ecnh s\u1ea1c.<\/p>\n<p>Mua h\u00e0ng ch\u00ednh h\u00e3ng t\u1ea1i <strong>Ugreen Vi\u1ec7t Nam<\/strong>!<\/p>\n<figure class=\"wp-block-image aligncenter size-full\"><img decoding=\"async\" src=\"https:\/\/dienmay1.pluginaz.com\/wp-content\/uploads\/2025\/09\/cu-sac-type-c-65w-ugreen-nexode-pro-x755-14.jpg\" width=\"1464\" height=\"600\" class=\"wp-image-66921\" alt=\"B\u1ea3o v\u1ec7 to\u00e0n di\u1ec7n thi\u1ebft b\u1ecb ng\u1edd ch\u00f4ng ngh\u1ec7 hi\u1ec7n \u0111\u1ea1i\" title=\"C\u1ee7 s\u1ea1c nhanh Type C 65W Nexode Pro UGREEN X755 21\" loading=\"lazy\"><figcaption class=\"wp-element-caption\">B\u1ea3o v\u1ec7 to\u00e0n di\u1ec7n thi\u1ebft b\u1ecb ng\u1edd ch\u00f4ng ngh\u1ec7 hi\u1ec7n \u0111\u1ea1i<\/figcaption><\/figure>\n<figure class=\"wp-block-image aligncenter size-full\"><img decoding=\"async\" src=\"https:\/\/dienmay1.pluginaz.com\/wp-content\/uploads\/2025\/09\/cu-sac-type-c-65w-ugreen-nexode-pro-x755-13.jpg\" width=\"1464\" height=\"600\" class=\"wp-image-66922\" alt=\"B\u1ea3o v\u1ec7 to\u00e0n di\u1ec7n thi\u1ebft b\u1ecb ng\u1edd ch\u00f4ng ngh\u1ec7 hi\u1ec7n \u0111\u1ea1i\" title=\"C\u1ee7 s\u1ea1c nhanh Type C 65W Nexode Pro UGREEN X755 22\" loading=\"lazy\"><figcaption class=\"wp-element-caption\">Ugreen X755 s\u1ea1c \u0111\u1ed3ng th\u1eddi nhi\u1ec1u thi\u1ebft b\u1ecb b\u1ea3o v\u1ec7 to\u00e0n di\u1ec7n<\/figcaption><\/figure>\n<figure class=\"wp-block-image aligncenter size-full\"><img decoding=\"async\" src=\"https:\/\/dienmay1.pluginaz.com\/wp-content\/uploads\/2025\/09\/cu-sac-type-c-65w-ugreen-nexode-pro-x755-12.jpg\" width=\"1464\" height=\"600\" class=\"wp-image-66923\" alt=\"C\u1ee7 s\u1ea1c nhanh Type C 65W Nexode Pro UGREEN X755 5\" title=\"C\u1ee7 s\u1ea1c nhanh Type C 65W Nexode Pro UGREEN X755 23\" loading=\"lazy\"><figcaption class=\"wp-element-caption\">C\u1ee7 s\u1ea1c nhanh 65W t\u01b0\u01a1ng th\u00edch h\u1ea5u h\u1ebft c\u00e1c thi\u1ebft b\u1ecb tr\u00ean th\u1ecb tr\u01b0\u1eddng<\/figcaption><\/figure>\n<figure class=\"wp-block-image aligncenter size-full\"><img decoding=\"async\" src=\"https:\/\/dienmay1.pluginaz.com\/wp-content\/uploads\/2025\/09\/cu-sac-type-c-65w-ugreen-nexode-pro-x755-11.jpg\" width=\"1464\" height=\"600\" class=\"wp-image-66924\" alt=\"C\u00f4ng xu\u1ea5t khi s\u1eed d\u1ee5ng 3 c\u1ed5ng\" title=\"C\u1ee7 s\u1ea1c nhanh Type C 65W Nexode Pro UGREEN X755 24\" loading=\"lazy\"><figcaption class=\"wp-element-caption\">C\u00f4ng xu\u1ea5t khi s\u1eed d\u1ee5ng 3 c\u1ed5ng<\/figcaption><\/figure>\n<figure class=\"wp-block-image aligncenter size-full\"><img decoding=\"async\" src=\"https:\/\/dienmay1.pluginaz.com\/wp-content\/uploads\/2025\/09\/cu-sac-type-c-65w-ugreen-nexode-pro-x755-10.jpg\" width=\"1464\" height=\"600\" class=\"wp-image-66925\" alt=\"C\u00f4ng xu\u1ea5t khi s\u1eed d\u1ee5ng 2 c\u1ed5ng\" title=\"C\u1ee7 s\u1ea1c nhanh Type C 65W Nexode Pro UGREEN X755 25\" loading=\"lazy\"><figcaption class=\"wp-element-caption\">C\u00f4ng xu\u1ea5t khi s\u1eed d\u1ee5ng 2 c\u1ed5ng<\/figcaption><\/figure>\n<figure class=\"wp-block-image aligncenter size-full\"><img decoding=\"async\" src=\"https:\/\/dienmay1.pluginaz.com\/wp-content\/uploads\/2025\/09\/cu-sac-type-c-65w-ugreen-nexode-pro-x755-9.jpg\" width=\"1464\" height=\"600\" class=\"wp-image-66926\" alt=\"C\u00f4ng xu\u1ea5t khi s\u1eed d\u1ee5ng 1  c\u1ed5ng\" title=\"C\u1ee7 s\u1ea1c nhanh Type C 65W Nexode Pro UGREEN X755 26\" loading=\"lazy\"><figcaption class=\"wp-element-caption\">C\u00f4ng xu\u1ea5t khi s\u1eed d\u1ee5ng 1 c\u1ed5ng<\/figcaption><\/figure>\n<figure class=\"wp-block-image aligncenter size-full\"><img decoding=\"async\" src=\"https:\/\/dienmay1.pluginaz.com\/wp-content\/uploads\/2025\/09\/cu-sac-type-c-65w-ugreen-nexode-pro-x755-8.jpg\" width=\"1464\" height=\"600\" class=\"wp-image-66927\" alt=\"C\u1ee7 s\u1ea1c nhanh Type C 65W Nexode Pro UGREEN X755 6\" title=\"C\u1ee7 s\u1ea1c nhanh Type C 65W Nexode Pro UGREEN X755 27\" loading=\"lazy\"><figcaption class=\"wp-element-caption\">So s\u00e1nh c\u00f4ng su\u1ea5t c\u00e1c c\u1ee7 s\u1ea1c<\/figcaption><\/figure>\n<\/div>\n","protected":false},"excerpt":{"rendered":"<p>C\u1ee7 s\u1ea1c nhanh Type C 65W UGREEN Nexode Pro X755 l\u00e0 m\u1ed9t b\u1ed9 s\u1ea1c th\u00f4ng minh v\u00e0 ti\u00ean ti\u1ebfn trong d\u00f2ng Nexode Pro c\u1ee7a UGREEN. V\u1edbi 2 c\u1ed5ng USB Type C v\u00e0 1 c\u1ed5ng USB A, n\u00f3 cho ph\u00e9p s\u1ea1c nhanh \u0111\u1ebfn 3 thi\u1ebft b\u1ecb c\u00f9ng m\u1ed9t l\u00fac. C\u00f3 c\u00f4ng su\u1ea5t t\u1ed1i \u0111a l\u00ean \u0111\u1ebfn [&#8230;]\n","protected":false},"featured_media":755,"comment_status":"closed","ping_status":"closed","template":"","meta":{"_acf_changed":false},"product_brand":[25],"product_cat":[16],"product_tag":[],"class_list":{"0":"post-754","1":"product","2":"type-product","3":"status-publish","4":"has-post-thumbnail","6":"product_brand-ugreen","7":"product_cat-phu-kien-dien-thoai","9":"first","10":"instock","11":"sale","12":"shipping-taxable","13":"purchasable","14":"product-type-simple"},"acf":[],"_links":{"self":[{"href":"https:\/\/dienmay1.pluginaz.com\/index.php\/wp-json\/wp\/v2\/product\/754","targetHints":{"allow":["GET"]}}],"collection":[{"href":"https:\/\/dienmay1.pluginaz.com\/index.php\/wp-json\/wp\/v2\/product"}],"about":[{"href":"https:\/\/dienmay1.pluginaz.com\/index.php\/wp-json\/wp\/v2\/types\/product"}],"replies":[{"embeddable":true,"href":"https:\/\/dienmay1.pluginaz.com\/index.php\/wp-json\/wp\/v2\/comments?post=754"}],"wp:featuredmedia":[{"embeddable":true,"href":"https:\/\/dienmay1.pluginaz.com\/index.php\/wp-json\/wp\/v2\/media\/755"}],"wp:attachment":[{"href":"https:\/\/dienmay1.pluginaz.com\/index.php\/wp-json\/wp\/v2\/media?parent=754"}],"wp:term":[{"taxonomy":"product_brand","embeddable":true,"href":"https:\/\/dienmay1.pluginaz.com\/index.php\/wp-json\/wp\/v2\/product_brand?post=754"},{"taxonomy":"product_cat","embeddable":true,"href":"https:\/\/dienmay1.pluginaz.com\/index.php\/wp-json\/wp\/v2\/product_cat?post=754"},{"taxonomy":"product_tag","embeddable":true,"href":"https:\/\/dienmay1.pluginaz.com\/index.php\/wp-json\/wp\/v2\/product_tag?post=754"}],"curies":[{"name":"wp","href":"https:\/\/api.w.org\/{rel}","templated":true}]}}