{"id":895,"date":"2025-09-27T22:26:57","date_gmt":"2025-09-27T15:26:57","guid":{"rendered":"https:\/\/dienmay1.pluginaz.com\/index.php\/san-pham\/bo-sac-dien-thoai-va-laptop-ugreen-nexode-pro-x763-160w\/"},"modified":"2025-09-27T22:27:22","modified_gmt":"2025-09-27T15:27:22","slug":"bo-sac-dien-thoai-va-laptop-ugreen-nexode-pro-x763-160w","status":"publish","type":"product","link":"https:\/\/dienmay1.pluginaz.com\/index.php\/san-pham\/bo-sac-dien-thoai-va-laptop-ugreen-nexode-pro-x763-160w\/","title":{"rendered":"B\u1ed9 s\u1ea1c \u0111i\u1ec7n tho\u1ea1i v\u00e0 laptop UGREEN Nexode Pro X763 160W"},"content":{"rendered":"<div class=\"luanlt_content_tab\">\n<p><strong>C\u1ee7 s\u1ea1c nhanh<\/strong> k\u00e8m c\u00e1p UGREEN Nexode Pro X763 160W l\u00e0 s\u1ea3n ph\u1ea9m m\u1edbi nh\u1ea5t c\u1ee7a d\u00f2ng GaN Nexode Pro ti\u00ean ti\u1ebfn c\u1ee7a ch\u00fang t\u00f4i. Thi\u1ebft k\u1ebf v\u1edbi c\u00f4ng ngh\u1ec7 ti\u00ean ti\u1ebfn v\u00e0 t\u00ednh n\u0103ng chuy\u00ean nghi\u1ec7p, s\u1ea1c n\u00e0y mang l\u1ea1i cho b\u1ea1n tr\u1ea3i nghi\u1ec7m s\u1ea1c pin th\u1ebf h\u1ec7 ti\u1ebfp theo kh\u00f4ng gi\u1ed1ng ai.<\/p>\n<p>S\u1ea1c Type C Nexode Pro 160W v\u1edbi 4 C\u1ed5ng s\u1ea1c nhanh, d\u00f9ng cho MacBook Pro 16\u201d M2, Pixelbook, Dell XPS, iPad Pro, iPhone 15 Pro\/14, Galaxy S23, Pixel 8, Steam Deck<\/p>\n<figure class=\"wp-block-image size-full\"><img decoding=\"async\" src=\"https:\/\/dienmay1.pluginaz.com\/wp-content\/uploads\/2025\/09\/bo-sac-dien-thoai-va-laptop-ugreen-nexode-pro-x763-160w-12.jpg\" width=\"1464\" height=\"600\" class=\"wp-image-66862\" alt=\"B\u1ed9 s\u1ea1c \u0111i\u1ec7n tho\u1ea1i v\u00e0 laptop UGREEN Nexode Pro 160W GaN X763\" title=\"B\u1ed9 s\u1ea1c \u0111i\u1ec7n tho\u1ea1i v\u00e0 laptop UGREEN Nexode Pro X763 160W 18\" loading=\"lazy\"><figcaption class=\"wp-element-caption\">B\u1ed9 s\u1ea1c \u0111i\u1ec7n tho\u1ea1i v\u00e0 laptop UGREEN Nexode Pro 160W GaN X763<\/figcaption><\/figure>\n<figure class=\"wp-block-image size-full\"><img decoding=\"async\" src=\"https:\/\/dienmay1.pluginaz.com\/wp-content\/uploads\/2025\/09\/bo-sac-dien-thoai-va-laptop-ugreen-nexode-pro-x763-160w-7.jpg\" width=\"1464\" height=\"600\" class=\"wp-image-66867\" alt=\"B\u1ed9 s\u1ea1c \u0111i\u1ec7n tho\u1ea1i v\u00e0 laptop UGREEN Nexode Pro X763 160W 1\" title=\"B\u1ed9 s\u1ea1c \u0111i\u1ec7n tho\u1ea1i v\u00e0 laptop UGREEN Nexode Pro X763 160W 19\" loading=\"lazy\"><figcaption class=\"wp-element-caption\">B\u1ed9 s\u1ea1c \u0111i\u1ec7n tho\u1ea1i v\u00e0 laptop UGREEN X763 thi\u1ebft k\u1ebf nh\u1ecf g\u1ecdn<\/figcaption><\/figure>\n<h2 class=\"wp-block-heading\">S\u1ea1c Nhanh v\u00e0 Th\u00f4ng Minh Cho Thi\u1ebft B\u1ecb C\u1ee7a B\u1ea1n<\/h2>\n<h3 class=\"wp-block-heading\">N\u1ea1p N\u0103ng L\u01b0\u1ee3ng \u0110\u1ebfn B\u1ed1n Thi\u1ebft B\u1ecb \u0110\u1ed3ng Th\u1eddi<\/h3>\n<p>V\u1edbi thi\u1ebft k\u1ebf 4 trong 1, S\u1ea1c type C UGREEN Nexode Pro 160W USB C cho ph\u00e9p b\u1ea1n s\u1ea1c nhanh \u0111\u1ebfn b\u1ed1n thi\u1ebft b\u1ecb c\u00f9ng m\u1ed9t l\u00fac. \u0110\u01b0\u1ee3c trang b\u1ecb 3 c\u1ed5ng USB C v\u00e0 1 c\u1ed5ng USB A, s\u1ea1c n\u00e0y ph\u00e2n ph\u1ed1i d\u00f2ng \u0111i\u1ec7n m\u1ed9t c\u00e1ch th\u00f4ng minh \u0111\u1ec3 \u0111\u1ea3m b\u1ea3o t\u1ed1c \u0111\u1ed9 v\u00e0 hi\u1ec7u su\u1ea5t s\u1ea1c t\u1ed1i \u01b0u. Cho d\u00f9 b\u1ea1n c\u1ea7n s\u1ea1c MacBook Pro 16\u201d M2, Pixelbook, Dell XPS, iPad Pro, iPhone 15 Pro\/14, Galaxy S23, Pixel 8, ho\u1eb7c th\u1eadm ch\u00ed l\u00e0 Steam Deck \u0111\u01b0\u1ee3c mong ch\u1edd, Nexode Pro \u0111\u1ec1u c\u00f3 th\u1ec3 \u0111\u00e1p \u1ee9ng \u0111\u01b0\u1ee3c.<\/p>\n<figure class=\"wp-block-image size-full\"><img decoding=\"async\" src=\"https:\/\/dienmay1.pluginaz.com\/wp-content\/uploads\/2025\/09\/bo-sac-dien-thoai-va-laptop-ugreen-nexode-pro-x763-160w-11.jpg\" width=\"1464\" height=\"600\" class=\"wp-image-66863\" alt=\"B\u1ed9 s\u1ea1c \u0111i\u1ec7n tho\u1ea1i v\u00e0 laptop UGREEN Nexode Pro X763 160W 2\" title=\"B\u1ed9 s\u1ea1c \u0111i\u1ec7n tho\u1ea1i v\u00e0 laptop UGREEN Nexode Pro X763 160W 20\" loading=\"lazy\"><figcaption class=\"wp-element-caption\">B\u1ed9 s\u1ea1c 4 trong 1<\/figcaption><\/figure>\n<h2 class=\"wp-block-heading\">Ph\u00e1t Huy S\u1ee9c M\u1ea1nh c\u1ee7a PD 3.1 S\u1ea1c Nhanh<\/h2>\n<h3 class=\"wp-block-heading\">S\u1ea1c Nhanh Ch\u00f3ng Cho MacBook Pro 16\u201d<\/h3>\n<p>C\u1ed5ng USB C1 c\u1ee7a S\u1ea1c UGREEN Nexode Pro 160W cung c\u1ea5p 140W c\u00f4ng su\u1ea5t \u1ea5n t\u01b0\u1ee3ng khi s\u1eed d\u1ee5ng \u0111\u1ed9c l\u1eadp. \u0110i\u1ec1u n\u00e0y c\u00f3 ngh\u0129a l\u00e0 b\u1ea1n c\u00f3 th\u1ec3 s\u1ea1c MacBook Pro 16\u201d t\u1eeb 0% l\u00ean \u0111\u1ebfn 50% ch\u1ec9 trong 27 ph\u00fat, cho ph\u00e9p b\u1ea1n quay l\u1ea1i c\u00f4ng vi\u1ec7c ho\u1eb7c gi\u1ea3i tr\u00ed ngay l\u1eadp t\u1ee9c. L\u01b0u \u00fd r\u1eb1ng c\u1ea7n s\u1eed d\u1ee5ng c\u00e1p s\u1ea1c MagSafe 140W \u0111\u1ec3 c\u00f3 \u0111\u01b0\u1ee3c t\u1ed1c \u0111\u1ed9 s\u1ea1c nhanh nh\u01b0 v\u1eady.<\/p>\n<figure class=\"wp-block-image size-full\"><img decoding=\"async\" src=\"https:\/\/dienmay1.pluginaz.com\/wp-content\/uploads\/2025\/09\/bo-sac-dien-thoai-va-laptop-ugreen-nexode-pro-x763-160w-8.jpg\" width=\"1464\" height=\"600\" class=\"wp-image-66866\" alt=\"B\u1ed9 s\u1ea1c \u0111i\u1ec7n tho\u1ea1i v\u00e0 laptop UGREEN Nexode Pro X763 160W 3\" title=\"B\u1ed9 s\u1ea1c \u0111i\u1ec7n tho\u1ea1i v\u00e0 laptop UGREEN Nexode Pro X763 160W 21\" loading=\"lazy\"><figcaption class=\"wp-element-caption\">T\u1ed1c \u0111\u1ed9 s\u1ea1c l\u00ean t\u1edbi 140W<\/figcaption><\/figure>\n<figure class=\"wp-block-image size-full\"><img decoding=\"async\" src=\"https:\/\/dienmay1.pluginaz.com\/wp-content\/uploads\/2025\/09\/bo-sac-dien-thoai-va-laptop-ugreen-nexode-pro-x763-160w-10.jpg\" width=\"1464\" height=\"600\" class=\"wp-image-66864\" alt=\"B\u1ed9 s\u1ea1c \u0111i\u1ec7n tho\u1ea1i v\u00e0 laptop UGREEN Nexode Pro X763 160W 4\" title=\"B\u1ed9 s\u1ea1c \u0111i\u1ec7n tho\u1ea1i v\u00e0 laptop UGREEN Nexode Pro X763 160W 22\" loading=\"lazy\"><figcaption class=\"wp-element-caption\">S\u1ea1c Nhanh Ch\u00f3ng v\u00e0 Hi\u1ec7u Qu\u1ea3<\/figcaption><\/figure>\n<h2 class=\"wp-block-heading\">Vi Chip GaNInfinity: S\u1ee9c M\u1ea1nh v\u00e0 Hi\u1ec7u Qu\u1ea3 K\u1ebft H\u1ee3p<\/h2>\n<h3 class=\"wp-block-heading\">Tr\u1ea3i Nghi\u1ec7m S\u1ea1c Nhanh Ch\u00f3ng v\u00e0 Hi\u1ec7u Qu\u1ea3 H\u01a1n<\/h3>\n<p>S\u1ea1c UGREEN Nexode Pro 160W USB C \u0111\u01b0\u1ee3c trang b\u1ecb vi chip GaNInfinity, th\u1ebf h\u1ec7 m\u1edbi nh\u1ea5t c\u1ee7a c\u00f4ng ngh\u1ec7 GaN. Vi chip c\u00e1ch m\u1ea1ng n\u00e0y cho ph\u00e9p s\u1ea1c nhanh ch\u00f3ng v\u00e0 m\u1ea1nh m\u1ebd h\u01a1n, \u0111\u1ed3ng th\u1eddi t\u1ea1o ra \u00edt nhi\u1ec7t h\u01a1n. K\u1ebft qu\u1ea3 l\u00e0 m\u1ed9t b\u1ed9 s\u1ea1c mang l\u1ea1i hi\u1ec7u qu\u1ea3 tuy\u1ec7t v\u1eddi trong thi\u1ebft k\u1ebf nh\u1ecf g\u1ecdn v\u00e0 nh\u1eb9, ho\u00e0n h\u1ea3o cho vi\u1ec7c s\u1ea1c di \u0111\u1ed9ng.<\/p>\n<figure class=\"wp-block-image size-full\"><img decoding=\"async\" src=\"https:\/\/dienmay1.pluginaz.com\/wp-content\/uploads\/2025\/09\/bo-sac-dien-thoai-va-laptop-ugreen-nexode-pro-x763-160w-9.jpg\" width=\"1464\" height=\"600\" class=\"wp-image-66865\" alt=\"B\u1ed9 s\u1ea1c \u0111i\u1ec7n tho\u1ea1i v\u00e0 laptop UGREEN Nexode Pro X763 160W 5\" title=\"B\u1ed9 s\u1ea1c \u0111i\u1ec7n tho\u1ea1i v\u00e0 laptop UGREEN Nexode Pro X763 160W 23\" loading=\"lazy\"><figcaption class=\"wp-element-caption\">Tr\u1ea3i Nghi\u1ec7m S\u1ea1c Nhanh Ch\u00f3ng v\u00e0 Hi\u1ec7u Qu\u1ea3 H\u01a1n<\/figcaption><\/figure>\n<h2 class=\"wp-block-heading\">B\u1ea3o V\u1ec7 To\u00e0n Di\u1ec7n Cho Thi\u1ebft B\u1ecb C\u1ee7a B\u1ea1n<\/h2>\n<h3 class=\"wp-block-heading\">B\u1ea3o V\u1ec7 Thi\u1ebft B\u1ecb c\u1ee7a B\u1ea1n An To\u00e0n v\u00e0 B\u1ea3o M\u1eadt<\/h3>\n<p>\u0110\u01b0\u1ee3c trang b\u1ecb vi chip th\u00f4ng minh, S\u1ea1c UGREEN Nexode Pro 160W USB C cung c\u1ea5p b\u1ea3o v\u1ec7 to\u00e0n di\u1ec7n cho thi\u1ebft b\u1ecb c\u1ee7a b\u1ea1n. T\u1eeb ng\u1eafn m\u1ea1ch \u0111\u1ebfn qu\u00e1 \u00e1p, qu\u00e1 nhi\u1ec7t v\u00e0 qu\u00e1 d\u00f2ng, h\u00e3y y\u00ean t\u00e2m r\u1eb1ng c\u1ea3 b\u1ea1n v\u00e0 thi\u1ebft b\u1ecb c\u1ee7a b\u1ea1n \u0111\u1ec1u \u0111\u01b0\u1ee3c b\u1ea3o v\u1ec7 trong qu\u00e1 tr\u00ecnh s\u1ea1c.<\/p>\n<figure class=\"wp-block-image size-full\"><img decoding=\"async\" src=\"https:\/\/dienmay1.pluginaz.com\/wp-content\/uploads\/2025\/09\/bo-sac-dien-thoai-va-laptop-ugreen-nexode-pro-x763-160w-6.jpg\" width=\"1464\" height=\"600\" class=\"wp-image-66868\" alt=\"B\u1ed9 s\u1ea1c Ugreen t\u01b0\u01a1ng th\u00edch v\u1edbi h\u1ea7u h\u1ebft c\u00e1c thi\u1ebft b\u1ecb c\u00f3 m\u1eb7t tr\u00ean th\u1ecb tr\u01b0\u1eddng\" title=\"B\u1ed9 s\u1ea1c \u0111i\u1ec7n tho\u1ea1i v\u00e0 laptop UGREEN Nexode Pro X763 160W 24\" loading=\"lazy\"><figcaption class=\"wp-element-caption\">B\u1ed9 s\u1ea1c Ugreen t\u01b0\u01a1ng th\u00edch v\u1edbi h\u1ea7u h\u1ebft c\u00e1c thi\u1ebft b\u1ecb c\u00f3 m\u1eb7t tr\u00ean th\u1ecb tr\u01b0\u1eddng<\/figcaption><\/figure>\n<figure class=\"wp-block-image size-full\"><img decoding=\"async\" src=\"https:\/\/dienmay1.pluginaz.com\/wp-content\/uploads\/2025\/09\/bo-sac-dien-thoai-va-laptop-ugreen-nexode-pro-x763-160w-2.jpg\" width=\"1464\" height=\"600\" class=\"wp-image-66872\" alt=\"C\u00f4ng su\u1ea5t khi s\u1eed d\u1ee5ng 2 c\u1ed5ng\" title=\"B\u1ed9 s\u1ea1c \u0111i\u1ec7n tho\u1ea1i v\u00e0 laptop UGREEN Nexode Pro X763 160W 25\" loading=\"lazy\"><figcaption class=\"wp-element-caption\">C\u00f4ng su\u1ea5t khi s\u1eed d\u1ee5ng 2 c\u1ed5ng<\/figcaption><\/figure>\n<figure class=\"wp-block-image size-full\"><img decoding=\"async\" src=\"https:\/\/dienmay1.pluginaz.com\/wp-content\/uploads\/2025\/09\/bo-sac-dien-thoai-va-laptop-ugreen-nexode-pro-x763-160w-3.jpg\" width=\"1464\" height=\"600\" class=\"wp-image-66871\" alt=\"B\u1ed9 s\u1ea1c \u0111i\u1ec7n tho\u1ea1i v\u00e0 laptop UGREEN Nexode Pro X763 160W 6\" title=\"B\u1ed9 s\u1ea1c \u0111i\u1ec7n tho\u1ea1i v\u00e0 laptop UGREEN Nexode Pro X763 160W 26\" loading=\"lazy\"><figcaption class=\"wp-element-caption\">C\u00f4ng su\u1ea5t khi s\u1eed d\u1ee5ng 3 c\u1ed5ng<\/figcaption><\/figure>\n<figure class=\"wp-block-image size-full\"><img decoding=\"async\" src=\"https:\/\/dienmay1.pluginaz.com\/wp-content\/uploads\/2025\/09\/bo-sac-dien-thoai-va-laptop-ugreen-nexode-pro-x763-160w-4.jpg\" width=\"1464\" height=\"600\" class=\"wp-image-66870\" alt=\"C\u00f4ng su\u1ea5t khi s\u1eed d\u1ee5ng  3 c\u1ed5ng\" title=\"B\u1ed9 s\u1ea1c \u0111i\u1ec7n tho\u1ea1i v\u00e0 laptop UGREEN Nexode Pro X763 160W 27\" loading=\"lazy\"><figcaption>B\u1ed9 s\u1ea1c \u0111i\u1ec7n tho\u1ea1i v\u00e0 laptop UGREEN Nexode Pro X763 160W<\/figcaption><\/figure>\n<figure class=\"wp-block-image size-full\"><img decoding=\"async\" src=\"https:\/\/dienmay1.pluginaz.com\/wp-content\/uploads\/2025\/09\/bo-sac-dien-thoai-va-laptop-ugreen-nexode-pro-x763-160w-5.jpg\" width=\"1464\" height=\"600\" class=\"wp-image-66869\" alt=\"C\u00f4ng su\u1ea5t khi s\u1eed d\u1ee5ng  4 c\u1ed5ng\" title=\"B\u1ed9 s\u1ea1c \u0111i\u1ec7n tho\u1ea1i v\u00e0 laptop UGREEN Nexode Pro X763 160W 28\" loading=\"lazy\"><figcaption class=\"wp-element-caption\">C\u00f4ng su\u1ea5t khi s\u1eed d\u1ee5ng 4 c\u1ed5ng<\/figcaption><\/figure>\n<figure class=\"wp-block-image size-full\"><img decoding=\"async\" src=\"https:\/\/dienmay1.pluginaz.com\/wp-content\/uploads\/2025\/09\/bo-sac-dien-thoai-va-laptop-ugreen-nexode-pro-x763-160w.jpg\" width=\"1464\" height=\"600\" class=\"wp-image-66873\" alt=\"B\u1ed9 s\u1ea1c \u0111i\u1ec7n tho\u1ea1i v\u00e0 laptop UGREEN Nexode Pro X763 160W 7\" title=\"B\u1ed9 s\u1ea1c \u0111i\u1ec7n tho\u1ea1i v\u00e0 laptop UGREEN Nexode Pro X763 160W 29\" loading=\"lazy\"><figcaption class=\"wp-element-caption\">So s\u00e1nh c\u00e1c b\u1ed9 s\u1ea1c kh\u00e1c<\/figcaption><\/figure>\n<\/div>\n","protected":false},"excerpt":{"rendered":"<p>C\u1ee7 s\u1ea1c nhanh k\u00e8m c\u00e1p UGREEN Nexode Pro X763 160W l\u00e0 s\u1ea3n ph\u1ea9m m\u1edbi nh\u1ea5t c\u1ee7a d\u00f2ng GaN Nexode Pro ti\u00ean ti\u1ebfn c\u1ee7a ch\u00fang t\u00f4i. Thi\u1ebft k\u1ebf v\u1edbi c\u00f4ng ngh\u1ec7 ti\u00ean ti\u1ebfn v\u00e0 t\u00ednh n\u0103ng chuy\u00ean nghi\u1ec7p, s\u1ea1c n\u00e0y mang l\u1ea1i cho b\u1ea1n tr\u1ea3i nghi\u1ec7m s\u1ea1c pin th\u1ebf h\u1ec7 ti\u1ebfp theo kh\u00f4ng gi\u1ed1ng ai. S\u1ea1c [&#8230;]\n","protected":false},"featured_media":896,"comment_status":"closed","ping_status":"closed","template":"","meta":{"_acf_changed":false},"product_brand":[25],"product_cat":[16],"product_tag":[],"class_list":{"0":"post-895","1":"product","2":"type-product","3":"status-publish","4":"has-post-thumbnail","6":"product_brand-ugreen","7":"product_cat-phu-kien-dien-thoai","9":"first","10":"instock","11":"sale","12":"shipping-taxable","13":"purchasable","14":"product-type-simple"},"acf":[],"_links":{"self":[{"href":"https:\/\/dienmay1.pluginaz.com\/index.php\/wp-json\/wp\/v2\/product\/895","targetHints":{"allow":["GET"]}}],"collection":[{"href":"https:\/\/dienmay1.pluginaz.com\/index.php\/wp-json\/wp\/v2\/product"}],"about":[{"href":"https:\/\/dienmay1.pluginaz.com\/index.php\/wp-json\/wp\/v2\/types\/product"}],"replies":[{"embeddable":true,"href":"https:\/\/dienmay1.pluginaz.com\/index.php\/wp-json\/wp\/v2\/comments?post=895"}],"wp:featuredmedia":[{"embeddable":true,"href":"https:\/\/dienmay1.pluginaz.com\/index.php\/wp-json\/wp\/v2\/media\/896"}],"wp:attachment":[{"href":"https:\/\/dienmay1.pluginaz.com\/index.php\/wp-json\/wp\/v2\/media?parent=895"}],"wp:term":[{"taxonomy":"product_brand","embeddable":true,"href":"https:\/\/dienmay1.pluginaz.com\/index.php\/wp-json\/wp\/v2\/product_brand?post=895"},{"taxonomy":"product_cat","embeddable":true,"href":"https:\/\/dienmay1.pluginaz.com\/index.php\/wp-json\/wp\/v2\/product_cat?post=895"},{"taxonomy":"product_tag","embeddable":true,"href":"https:\/\/dienmay1.pluginaz.com\/index.php\/wp-json\/wp\/v2\/product_tag?post=895"}],"curies":[{"name":"wp","href":"https:\/\/api.w.org\/{rel}","templated":true}]}}